= a(m) + 6*d(m). Calculate r(c).
2
Let d(j) = 7*j**3 + j**2 + 3*j + 11. Let i(x) = -3*x**3 - x**2 - x - 5. Let g(l) = 4*d(l) + 9*i(l). Suppose 4*u = -12 + 32. Give g(u).
14
Let s = 233 + -245. Let i(p) = p**3 + 13*p**2 + 11*p - 17. What is i(s)?
-5
Let m(p) = p**2 + 0*p + 4 + 0*p. Let a = -42 - -42. Let w be m(a). Let j(h) = h**3 - 3*h**2 - 2*h. Give j(w).
8
Let l(o) = -o + o**2 + 2*o**2 - 4*o**2 - 1. Let z(x) = 3*x**2 + 14. Let n(t) = 4*l(t) + z(t). Calculate n(-7).
-11
Let z be 3*2/((-12)/(-10)). Suppose 5*h - 48 = 4*b - 20, -z*h + 20 = 0. Let s(l) = 7*l + 11. Let f(q) = 4*q + 6. Let g(r) = -5*f(r) + 3*s(r). Calculate g(b).
1
Let l(m) = 2*m - 3 + m**3 - 2 + 5*m**2 - m. Let g(h) = 5*h - 13. Let z be g(3). Let j be -1 + -3 - -1 - z. Calculate l(j).
-10
Let a(h) be the second derivative of h**5/20 - h**4/4 - h**3/3 + 2*h + 8. Suppose 3*f = -j, 0*j = 2*f + j. Suppose i = 3 - f. Give a(i).
-6
Let k(j) be the third derivative of 3*j**2 + 0 + 0*j + 7/6*j**3 + 5/24*j**4. Let d(s) = 4*s + 6. Let o(y) = 6*d(y) - 5*k(y). Determine o(-1).
2
Let x(y) be the first derivative of y**4/4 - 4*y**3/3 - 3*y**2 + 5*y - 119. Determine x(5).
0
Suppose 3*q - 34 + 28 = 0. Let i(o) = -o**2 + 3. Determine i(q).
-1
Let i(b) = 11*b**2 + 13*b**2 - 32*b**2 - 13 + 7*b**2 + 24. Calculate i(-8).
-53
Let a(z) = -z + 6. Let i(q) = -q + 6. Let d(w) = -3*a(w) + 4*i(w). Suppose 28 = -y + 34. Determine d(y).
0
Let c(x) = x**2 + 2*x - 4. Suppose -706 = n - 710. Determine c(n).
20
Suppose 0 = -3*n - 0*n. Suppose -8*t + 3*t = n. Let x(b) = 3*b**2 - 3*b**2 - b**2. What is x(t)?
0
Suppose 3*d + 7 - 16 = 0. Let s(m) = 1 + m**d + 18*m - 25*m + 5 - 5*m**2. Calculate s(6).
0
Let y(w) = w**3 - 2*w**2 + w. Suppose 0 = -o + 2*o - 2. Let a = -70 + 66. Let z be o/(-10)*20/a. What is y(z)?
0
Let m = 207 + -205. Let l(c) = 1 + 1 - 2*c - 6*c. What is l(m)?
-14
Suppose q + 3*j = 1, 4*q + 0*j - 21 = 5*j. Suppose 28 = -q*i + 8. Let c(b) = 14*b + 2. Let y(a) = -9*a - 1. Let l(v) = -5*c(v) - 8*y(v). Calculate l(i).
-12
Suppose -12*b + 29 - 125 = 0. Let t(s) = 4*s + 12. What is t(b)?
-20
Let x = -73 + 66. Let q(n) = -n**2 - 7*n - 10. Calculate q(x).
-10
Let c(f) = f - 1. Let u(d) = 20*d - 3. Let m(z) = 3*c(z) - u(z). Suppose 30*s - 9 = 39*s. Calculate m(s).
17
Suppose 0 = q - 4*o - 4, -5*q + 1 - 4 = 3*o. Let b(t) = -t**3 + t**2 - 9. Calculate b(q).
-9
Let d = 986 + -985. Let t(f) = 15*f**2 - 2*f + 1. Determine t(d).
14
Let f(g) = -8*g**3 - 9*g**2 - 82*g - 3. Let x(a) = -3*a**3 - 3*a**2 - 29*a - 1. Let r(w) = 6*f(w) - 17*x(w). Give r(2).
13
Let v(i) be the first derivative of -8*i - 1/2*i**2 - 4 - 7/3*i**3 - 1/4*i**4. Give v(-7).
-1
Let w(b) = 9*b**2 + 4*b - 8. Let n(a) = 2*a**2 + a - 1. Let h(z) = 4*n(z) - w(z). Suppose 4*o - 10 = 5*r, 5*r - 3*r = -5*o - 4. Give h(o).
4
Let k(c) = -c**3 + 10*c**2 - 18*c + 18. Let b(m) = -m**2 + 9*m - 6. Let g be b(7). Let i be k(g). Let o(n) = n**2 + 2*n - 2. What is o(i)?
6
Let b(l) = 16*l**3 - l - 1. Let y be b(-1). Let q be (y/(-32))/((-1)/(-6)). Let i(h) be the first derivative of h**2/2 - 2*h - 2. Give i(q).
1
Let q be 78/(-5) - (-10 + (-208)/(-20)). Let l(t) = t**2 + 13*t - 38. Give l(q).
10
Let i = -1 - -3. Suppose 2 + 10 = i*d. Let g(w) = -11*w**2 + 16*w - 32. Let c(s) = 4*s**2 - 5*s + 11. Let n(r) = 8*c(r) + 3*g(r). Determine n(d).
4
Suppose 4*z + 3*w - 4*w = 14, -3*w = 3*z - 3. Let c(l) = 4*l - z*l - 2 - l**2 - l. Give c(2).
-6
Let t = 18 - 31. Let b = t + -8. Let c = -20 - b. Let u(f) = 6*f**3 - 1. Determine u(c).
5
Let i(u) = 12*u - 622 + 622. Give i(-1).
-12
Let s be 50/(-700) - (-11)/7. Let o(h) be the second derivative of 0 + 7*h + 1/6*h**3 + s*h**2. Calculate o(3).
6
Let u be (-4)/10 - 34/(-10). Let k be (0 + -2 - 0) + u. Let y(z) = 9*z**3 - 12*z**2 + 3. Let o(q) = 6*q**2 - q - 1. Let i(l) = -2*o(l) - y(l). What is i(k)?
-8
Let d(z) be the first derivative of -z**3/3 - z**2/2 - 12*z + 40. Let f be 1/3 + (-2)/6. Give d(f).
-12
Let f(y) = 8*y + 1. Let i(h) = -3*h - 13 + 16 + 18 + 5. Let o be i(9). Give f(o).
-7
Let r(j) = 7*j - 16*j + 6*j + 12 + 2*j. Let p be (3 + -7 - -3)*0. Suppose 0 = 3*f - p*f. Calculate r(f).
12
Let k(z) be the third derivative of -z**5/60 + z**4/6 + z**3/3 - 10*z**2. Let f(j) = -j**2 - 5*j + 5. Let n be 0/1 + 40/(-8). Let g be f(n). Calculate k(g).
-3
Let s(l) = 5*l**2 - 45*l - 20. Let k(b) = b**2 - 9*b - 3. Let n(u) = 11*k(u) - 2*s(u). What is n(7)?
-7
Let b(k) = k**2 - 6*k + 6. Let g(y) = -5*y + 3*y + 3*y - 3 - 5*y. Suppose 3*u = -7 + 1. Let j be g(u). Calculate b(j).
1
Suppose -22 + 82 = 5*d. Let o = 14 - d. Let g(y) = o*y + 4*y - 5*y + 0 - 1. Give g(2).
1
Suppose -3*n + 43 = -c + 23, -3*c - 10 = n. Let r(p) be the second derivative of -p**3/6 + p. Give r(c).
5
Let t(k) = k**2 - 5*k - 5. Let m be (1 + -2)*(3 + -1). What is t(m)?
9
Suppose -s - 11*d + 10*d = -1, -5 = -5*s + 2*d. Let p(k) = 2*k**2 + 2*k. Give p(s).
4
Let f(d) = d + 7. Let z be f(-10). Let u(i) = -i**3 + i**2 + 3*i. Let j(l) = l**3 - 2*l**2 - 2*l. Let v(t) = z*u(t) - 4*j(t). What is v(5)?
-5
Let p = -3 - -7. Suppose -47 = -3*i - 56. Let n(w) = 5*w**2 - 6*w - 7. Let a(o) = 4*o**2 - 6*o - 6. Let q(s) = i*n(s) + p*a(s). Determine q(6).
-3
Let x(f) = -3*f**2. Let r(q) = -2*q**2. Let s(l) = 3*r(l) - 5*x(l). What is s(2)?
36
Let z(v) = v**2 + 9*v + 24. Let p be z(-6). Let k(w) = -2 - 7 + 11*w**2 - 1 - 10*w**2 - p*w. Determine k(7).
-3
Let y(v) = -v**3 - 5*v**2 - 6*v - 6. Let d be (-2 + -1)/(99/132). Calculate y(d).
2
Let a(h) be the second derivative of -h**3/3 - 7*h**2/2 + 12*h. Let l be a(-5). Let g(r) be the third derivative of r**4/12 - r**3/6 - r**2. Determine g(l).
5
Let f(c) = -3*c**2 - 1. Suppose 10*n = 4*n + 36. Suppose 3*i + 0*i = n. Give f(i).
-13
Let l(i) = i**3 + 5*i**2 - 4*i + 6. Let u(q) = -q**3 - 8*q**2 + 9. Let n be 4 + -8 - 4/1. Let g be u(n). Let z = 3 - g. Calculate l(z).
-6
Suppose -31*k + 57 = -98. Let g(s) be the second derivative of -s**2 - k*s + 1/6*s**4 - 1/3*s**3 + 0 + 1/20*s**5. Determine g(-2).
2
Let g(t) = t**3 - 12*t**2 + 12*t - 3. Suppose k + 2*k = 5*u + 43, -5*u = -4*k + 54. What is g(k)?
8
Let t(l) = 3*l + 2. Let x be t(-3). Suppose 2*s + 5*g = -11, 0 = 4*s - 3*g - 12 - 5. Let w(q) = -10 + 0*q**2 + 8*q**s - 8*q - 2*q**2 + q**3. What is w(x)?
-3
Let n(d) = -d**2 + d - 1. Let b(z) = 4*z**2 - z + 4. Let i(x) = b(x) + 2*n(x). Give i(-2).
8
Let u(o) = -2*o**2 - 5*o + 4. Suppose -2 = t - 6, 9 = -k + t. Calculate u(k).
-21
Let b(o) = 95*o - 45*o - 48*o + 16. Determine b(-5).
6
Suppose 0*a + 3*a = c - 1, -3*a = -3. Let b(n) = 6*n - 1 - 13*n**3 - c*n + 12*n**3. What is b(2)?
-5
Let s(l) = 3*l. Suppose -178*h + 223*h = 540. Calculate s(h).
36
Suppose 0*q - 8 = -2*q. Let j(y) = -y**3 - 19 + 13 + 4*y**3 + 2*y + 0*y**3 - 2*y**3 - 5*y**2. Calculate j(q).
-14
Let o be (-4*2/(-24))/((-20)/480). Let z(l) = -l**2 - 8*l + 9. Determine z(o).
9
Let t(g) = -g**2 - 8*g - 2. Let j be 220/(-11)*5/(50/4). Give t(j).
-2
Let s(h) = h**2 - h - 9. Let o = 25 - 31. Let q = 6 + o. What is s(q)?
-9
Let a = 71 + -78. Let y(w) = -w**2 - 7*w + 10. Calculate y(a).
10
Let u = 49/198 + -8/99. Let z(m) be the third derivative of -1/60*m**5 + 0 + 8*m**2 + u*m**3 + 1/24*m**4 + 0*m - 1/120*m**6. Give z(-1).
0
Let d(p) = -4*p**2 + 2*p + 6. Let n(s) = -s**2 - s + 1. Let y(t) = d(t) - 5*n(t). Let f be (-2)/3 + (-13)/3. Calculate y(f).
-9
Let h(j) be the third derivative of -j**8/20160 - j**7/840 + j**6/80 - 3*j**5/10 + 20*j**2. Let d(q) be the third derivative of h(q). What is d(-8)?
-7
Let v(c) be the third derivative of -c**4/12 + c**3/2 + 6*c**2. Give v(-6).
15
Let k(b) = b**2 - b + 6. Let v = 11 + -6. Let x(g) = -v*g + 7*g + 1 - g**2 + 2*g**2. Let f be x(-1). Give k(f).
6
Suppose -5*u + 4*v = -13 + 61, 0 = 4*u - v + 34. Let h(n) = n**2 + 8*n + 5. Calculate h(u).
5
Let p(u) = 11*u + 18. Let t be p(3). Suppose t*v + 5 = 46*v. Let c(x) = -4*x**3 + 1. What is c(v)?
5
Let l(b) = b**3 + 6*b**2 + 4*b - 3. Let g be l(-4). Let c = g - 18. Let q(s) = 1 - 4*s**2 - s**3 + 6*s - 3 + 2. Give q(c).
-5
Let y(a) = 5*a + 9. Suppose 0 = b + 3*f - 3, -b + 2*f + 6 = 6*f. What is y(b)?
-21
Let w(y) = 5*y**2 - 8*y - 19. Let x(f) = 6*f**2 + f - 1. Let r(n) = -w(n) + x(n). Determine r(-8).
10
Let r(s) = -1. Let j(q) = -2*q**2 - 8. Let c(g) = -3*g**2 + g - 9. Let x(h) = 3*c(h) - 4*j(h). Let l(z) = -2*